rime factors of o?
2, 179
Suppose 0 = 19*p - 18986 + 7320. What are the prime factors of p?
2, 307
Suppose 0*v + 2*v = 5*q + 16, -3*q - 18 = 3*v. List the prime factors of (-2)/(4/(-2)) - 132/v.
67
Let y(j) = j**2 - 3*j + 8. List the prime factors of y(-7).
2, 3, 13
Suppose 2*l - 2 = 10. Suppose -3*n = -0*n - l. Suppose n*k = -5*r + 25, -3*r - 2*k = k - 6. List the prime factors of r.
7
Suppose 0 = -3*v + 4*a + 690, -672 + 9 = -3*v - 5*a. List the prime factors of v.
2, 113
Suppose 0 = 6*y - 8*y + 324. Suppose 5*z = n + y + 151, 0 = -4*n + 8. What are the prime factors of z?
3, 7
Suppose 3*p - 5*j - 7205 = -3*j, 0 = 4*p + 3*j - 9601. List the prime factors of p.
7
Suppose 4049 - 1317 = 4*g. What are the prime factors of g?
683
What are the prime factors of -14*(26/(-1) - -3)?
2, 7, 23
Let l be 2/(-5) - 28/5. Let k be ((-14)/4)/(3/l). Suppose k*m = 11*m - 48. List the prime factors of m.
2, 3
Let f = 21 + 289. What are the prime factors of f?
2, 5, 31
Let p(n) = -3*n + 6. Let k(q) = q. Let t(m) = 7*m**2 - 2*m + 1. Let f(r) = -2*k(r) - t(r). Let d be f(1). What are the prime factors of p(d)?
2, 3, 5
Let g = 2148 + -938. List the prime factors of g.
2, 5, 11
Let b(k) = -k**3 - 21*k**2 - 15. Let t be b(-21). List the prime factors of (93/(-9))/(20/t - -1).
31
What are the prime factors of (6 + (-51)/2)*(-66)/9?
11, 13
Suppose 0 = 4*m - 6*m. Suppose m*g = -4*g. List the prime factors of 13 + 2 - g - -1.
2
Suppose 20 = 5*g - 0*g. Suppose 2*m + m - 202 = -2*j, g*j - 3*m - 404 = 0. What are the prime factors of j?
101
Let v(x) = 54 + 38*x + 12 - 10*x**2 + 11*x**2 - 10*x. What are the prime factors of v(-30)?
2, 3, 7
Let s(u) = -2*u - 24. Let i be s(-13). Suppose 4*c - 5*y = 224, -i*c - 259 = -7*c + y. What are the prime factors of c?
3, 17
Suppose 4 = 9*u - 8*u. Suppose -4*y + 4*z = -588, 0 = 5*y - u*z - 461 - 272. List the prime factors of y.
5, 29
Let m(j) = -j**2 - 13*j - 2. Let k be m(-6). Suppose -2*o = -2*i + 136, -5*i + o + 370 = 2*o. Let w = i - k. What are the prime factors of w?
3, 11
Suppose -5 = 5*g, -3*g + 1269 + 936 = 4*n. List the prime factors of n.
2, 3, 23
Suppose -2*f + 3*q + 12 = f, -4*f + 16 = 4*q. Suppose -21 = -n + f*n. Let x = n + 10. What are the prime factors of x?
3
Let x(i) = -12*i**2 + i + 4. Let r(h) = -h**2 - 1. Let f(q) = -3*r(q) - x(q). Let c be f(-1). List the prime factors of (-6)/10*c/(-1).
3
Let k be -2*9*3/(-9). Suppose 2*g - h + k = -4*h, 4 = g - 2*h. Suppose p - 6 - 6 = g. What are the prime factors of p?
2, 3
Let v be (2 - 5)*(-4)/(-12). Let f be (-2 - 0)/(-2) + v. Suppose f = 3*k - 143 + 29. What are the prime factors of k?
2, 19
Let d = -176 + 599. List the prime factors of d.
3, 47
Let i(t) = 4*t + 22. Let n be i(-14). Let v = n - -37. List the prime factors of v.
3
Let v(d) = -260*d - 493. List the prime factors of v(-14).
3, 1049
List the prime factors of (-6)/9 + (-431)/(-3).
11, 13
Suppose -3*i - 39 - 15 = 0. Let f = i + 31. List the prime factors of f.
13
Let v(n) be the third derivative of n**5/60 - 7*n**4/24 + n**3 - 151*n**2. Let c = 16 + -8. List the prime factors of v(c).
2, 7
Let z(m) = m**3 + 7*m**2 + m + 7. Let s be z(-7). Suppose 6 = u - s*u. Suppose 3*a + 0*g - u = -g, -12 = 4*g. What are the prime factors of a?
3
Let k = 1987 + -400. What are the prime factors of k?
3, 23
Suppose -4*r + 78 = a, -345 = -5*a + 4*r + 21. List the prime factors of a.
2, 37
Suppose -5*d - 3*f - 2271 = -8*d, d + f - 753 = 0. List the prime factors of d.
5, 151
Let a(i) = -8*i**2 + 21 - i**3 + 28 - 39 - 4*i. Let t be (-76)/10 + (-4)/10. List the prime factors of a(t).
2, 3, 7
Let f = 9393 - 5281. What are the prime factors of f?
2, 257
Let f be (-39)/(-5) + 1/5. Suppose 4 = -n - f. Let p = 27 + n. List the prime factors of p.
3, 5
What are the prime factors of 328 + (-6)/((-6)/1)?
7, 47
Let s(z) be the first derivative of -7*z**2 - 2*z - 11. Let o be s(-9). What are the prime factors of o/6 - (-4)/(-6)?
2, 5
Let d be (30/(-4))/(6/(-20)). Let f = d - 27. List the prime factors of (7 + -5)*(31 + f).
2, 29
Suppose 2*p = -5*l + 724, -4*p + 905 = -l - 565. List the prime factors of p.
367
Let x = 24 + -41. What are the prime factors of (x/(-3) + -3)*9*2?
2, 3
Let j = 28 - 28. Suppose 0 = 5*k - 2*s - 430, 5*s = -j*s. What are the prime factors of k?
2, 43
Let x(g) = g**2 - 4*g - 3. Let p be x(5). Suppose -p*a = -3*a. Suppose a = 2*d - 52 - 24. What are the prime factors of d?
2, 19
List the prime factors of (1 + 46/(-6))/(52/(-858)).
2, 5, 11
Suppose 8*x + 2340 + 740 = 0. Let b = x + 555. List the prime factors of b.
2, 5, 17
Let k(q) = 31*q - 29. Suppose -7*v - 4 = -39. What are the prime factors of k(v)?
2, 3, 7
Suppose 111 = 7*k - 260. Suppose 0*j = u - 2*j - k, -5*u + 5*j + 265 = 0. List the prime factors of u.
53
Suppose -334*b - 8384 = -342*b. What are the prime factors of b?
2, 131
Let f(n) = 58*n**3 - 2*n - 3*n**2 - 4*n + 6*n + 1. What are the prime factors of f(1)?
2, 7
Let h(u) = -u - 7. Let w be h(-4). Suppose 3*c - x - 67 = 0, 0*c - c = 2*x - 20. Let y = w + c. What are the prime factors of y?
19
Suppose v = -4*t + 8, 0*v = 4*v - 4*t - 92. Suppose -v = 5*m, -41 = -p - 4*m + 2*m. List the prime factors of p.
7
Suppose 111 + 77 = j. Let o = j + -95. List the prime factors of o.
3, 31
What are the prime factors of ((-13437)/2)/(-9) + (-8)/16?
2, 373
Suppose -6*l - 22 = -17*l. Let z(t) be the second derivative of t**4/3 + t**2 - 4*t. What are the prime factors of z(l)?
2, 3
Let y = 1447 + -44. List the prime factors of y.
23, 61
Let g(h) = 369*h + 28. List the prime factors of g(4).
2, 47
Let y(x) = -29*x + 2. Let z be y(-4). Suppose 66 = -q + 2*q - 5*g, 3*g = 2*q - z. What are the prime factors of 0 + q/(-2 - -4)?
2, 7
Suppose -c - 3*h + 2081 = 0, 4*h + 5514 = -5*c + 15886. List the prime factors of c.
2, 7, 37
Let x(k) = -29*k - 15. Let q be x(-4). Let r = q - 42. What are the prime factors of r?
59
Let o(s) = s**2 + 10*s + 6. Let t be o(-10). Let p(m) = 2*m**2 - 4*m + 14. What are the prime factors of p(t)?
2, 31
Let v = 7 - 3. Suppose y = 4*j + 3*y - 78, -v*y = 5*j - 90. Suppose 0 = d - 0*d - j. What are the prime factors of d?
2, 11
Let n = -6876 + 12362. List the prime factors of n.
2, 13, 211
Let q(r) = -2*r**3 - 10*r**2 - 5*r + 9. List the prime factors of q(-6).
3, 37
Let k = -1534 - -3288. What are the prime factors of k?
2, 877
What are the prime factors of 87996/32 - (-25)/200?
2, 5, 11
Let g = -97 + -6. Let f = -65 - g. List the prime factors of f.
2, 19
Let n(r) = r**3 + 18*r**2 + 22*r + 6. Let l be (-4)/1 - -4 - 16. What are the prime factors of n(l)?
2, 83
Suppose -36*m + 43447 = -13*m. What are the prime factors of m?
1889
Suppose -3036 = -3*b + 4734. What are the prime factors of b?
2, 5, 7, 37
Let w(b) = b**3 + 22*b**2 - 8*b + 16. Let f be w(-22). Suppose 0 = -3*t - 4*o + f, 2*t = o + 3*o + 128. List the prime factors of t.
2
Let u(v) = -v - 3. Let h be u(-10). Suppose 0 = h*k - 3*k. Suppose -5*s + 38 + 42 = k. What are the prime factors of s?
2
Let o(b) = -b**2 - 8*b - 9. Let l be o(-6). Suppose -3*q - 142 = -4*a, -4*a = -8*q + l*q - 146. Suppose 0 = p - 14 - a. What are the prime factors of p?
2, 3
Let j = 597 + -335. List the prime factors of j.
2, 131
Suppose -16 = -5*o + 4. Suppose 4*a = -3*r + 10, o*r + 2*a - 9 = a. Suppose 2*j = 6*j + 5*u - 39, -r*u + 22 = 2*j. What are the prime factors of j?
2
Suppose 3*q - 207 = 3*f + 312, -2*f - 169 = -q. Suppose q = 4*c - 211. List the prime factors of c.
97
Let k = 374 - 175. What are the prime factors of k?
199
Let a(t) = 4*t**3 + 4*t**2 - 10*t - 7. Let u(r) = -12*r**3 - 11*r**2 + 29*r + 20. Let g(y) = 8*a(y) + 3*u(y). List the prime factors of g(-3).
2, 41
Suppose 22*o - 11*o - 11858 = 0. List the prime factors of o.
2, 7, 11
Let g = -1559 + 2885. List the prime factors of g.
2, 3, 13, 17
Let w(p) = 3*p - 16. Let v be w(7). Suppose -108 = v*k - 8*k. What are the prime factors of k?
2, 3
Let n(a) = -a**3 - 7*a**2 + 9*a + 10. Let x(f) = f - 8. Let k be x(0). Let b be n(k). Suppose l - 3*p = 9, b = 4*p - 2. List the prime factors of l.
2, 3
Let m be (-1)/((18/(-4))/9). Let t be 2*m/(-3 - -4). What are the prime factors of t - (2 - (-14)/(-2))?
3
Let y be 17/34*2*37. Let a(h) = h - 3. Let i be a(4). Suppose 2*v + i - y = 0. List the prime factors